ppose -4*c + 5317 - 1333 = 0. What is the hundreds digit of c?
9
Suppose 0 = u + 4*q + 18, 0 = -4*u - 2*q - 112 - 16. Suppose -5*d = -47 - 248. Let w = u + d. What is the tens digit of w?
2
Suppose 42 = 134*l - 128*l. Let n(j) = -j - 4. Let a be n(-4). Suppose -l*t + 5*t + 42 = a. What is the units digit of t?
1
Suppose 38 = -3*u + 4*z, -2*z = -5*u + 2*u - 28. Let p = 30 - u. What is the units digit of p?
6
Let j(d) = -10*d**2 + 5*d - 2. Let z be j(4). What is the hundreds digit of -3 + 1 + (1 - (z + 7))?
1
Suppose -3*t - 4*w = -1167, 3*t - 7*t + 5*w = -1556. What is the units digit of t?
9
Let f(n) = 2*n**3 + 2*n**2. Let q be f(-2). Let t(m) = 2*m**2 + 8*m - 10. Let y be t(q). Let z = y + -15. What is the units digit of z?
9
Suppose -3 = -g - l, -21 = -5*g + 2*l - 6. Let m(v) = -3*v - 5*v + v**3 + 6*v**2 + 0*v**3 - 9 + g. What is the units digit of m(-5)?
9
Let y(q) be the first derivative of -q**3/3 - 2*q**2 - 3. Let u be y(-4). Suppose -2*k + 4*k - 36 = u. What is the tens digit of k?
1
Let t(p) be the first derivative of -p**4/4 + 2*p**3 + p**2/2 - 8*p + 5. Let u be t(6). Let n = u - -8. What is the units digit of n?
6
Suppose -14*w + 6 = -11*w. Suppose w*y - 52 = 5*s, y - 2*s = 3*y - 24. What is the tens digit of y?
1
Let y(j) = 3*j - 18. Let x(q) = -2*q + 9. Let p(r) = 11*x(r) + 6*y(r). What is the tens digit of p(-9)?
2
Suppose -4*s - 3*r = -3607, -s + 4517 = 4*s + r. What is the units digit of s?
4
Suppose 0*n + 8 = -4*n. Let h = n - -6. Suppose -t - 2 = 3*j - j, -5*j - 31 = -h*t. What is the units digit of t?
4
What is the tens digit of (-2)/5*(-26260)/26?
0
Suppose -2 = 2*l + 2*m, -l = l - 3*m - 8. Let n be 0/3 - l*-1. Suppose 2*j - n = 59. What is the tens digit of j?
3
Let j = 27 - 67. Let f = 68 + j. Let z = f + 0. What is the units digit of z?
8
Let f be ((-112)/35)/(1/5). Let i = 3 - -1. What is the tens digit of i*(-2)/f*58?
2
Let r(c) = 8*c. What is the units digit of r(8)?
4
Let f(h) = h**2 - 53*h + 455. What is the tens digit of f(43)?
2
Let j be 3 - 6 - (-19 + 1). What is the tens digit of 2 - (6/15 + (-1191)/j)?
8
Suppose -2*z + 1 = t - 4, 3*t - 14 = -5*z. Suppose 7*w - 4 = t*w. Suppose -w = -k + 3. What is the units digit of k?
4
Let k(w) = w**3 + 13*w**2 + 15*w - 12. Let r be k(-12). Let n = r + 78. Let l = n + 8. What is the units digit of l?
8
Let l = 46 + -43. Suppose 5*y = -4*b + 276 + 124, 4*y - 299 = -l*b. What is the tens digit of b?
0
Let j(f) = -7*f - 5. Let q = 18 - 20. What is the units digit of j(q)?
9
Let w be 2 - 0 - (9 - 3). Let l(k) = 5*k**2 + k - 2. Let z(u) = 4*u**2 - 2. Let i(p) = -3*l(p) + 4*z(p). What is the tens digit of i(w)?
2
Let b(v) = -5*v + 2. Let z be b(-2). What is the units digit of 27/z*144/4?
1
Let j(d) = d**3 + 7*d**2 - 9*d + 3. Let y be j(-8). Let x(k) = -k**2 + 10*k - 3. Let l be x(y). What is the units digit of (-3)/2 - 119/l?
7
Suppose -5*y = 3*i - 6*i - 32, -5*y + 33 = -2*i. Let f(q) = -q**3 + 7*q**2 + 5*q - 3. What is the tens digit of f(y)?
3
Let c(j) = 838*j**2 + 14*j + 3. What is the hundreds digit of c(-1)?
8
Let k = 165 + -245. Let v = 119 + k. What is the tens digit of v?
3
Let h = -1780 - -3796. What is the units digit of h?
6
Let r = 2640 - 1649. Suppose -5*d = -3*v + 531, -4*d - r = -5*v - 119. What is the units digit of v?
2
What is the tens digit of 4 - ((-32)/2 + 5)?
1
Let j(s) = 36*s - 5. Let b be j(3). Let p = -69 + b. What is the units digit of p?
4
Suppose -4*t - 76 = -0*t. Let o = t + 23. Let j(m) = 5*m + 8. What is the tens digit of j(o)?
2
Suppose 4 = -k, 2*k - 6*k - 1744 = -3*p. What is the hundreds digit of p?
5
What is the units digit of ((-2178)/110)/((-6)/110)?
3
Let g be 7/21 + 2/3. Let n(i) be the first derivative of 6*i**3 - i - 5. What is the tens digit of n(g)?
1
Suppose 3*s + 24 = -2*m + s, -3*s = -3*m - 6. What is the units digit of (-84)/(-5) + m/(-35)?
7
Let x(h) = 6*h + 5. Let s be x(-1). What is the units digit of (s*3)/((-12)/176)?
4
Suppose -13407 = -36*w + 1533. What is the hundreds digit of w?
4
Let u = -3 + 8. Let x = u + -5. What is the units digit of x + -1 + -11 + 24?
2
Let k = -64 + 64. Suppose k = 11*i - 36 - 701. What is the units digit of i?
7
Let d = -2071 - -6191. What is the tens digit of d?
2
Suppose -3*o + 3*x + 6 = 0, -5*x = o - 0*x - 20. Suppose -5*n = o*q, n + 0*q = -5*q + 4. Let d(s) = 30*s**2 - s - 2. What is the tens digit of d(n)?
2
Let s = 231 - 385. Let w = -110 - s. What is the tens digit of w?
4
Let g(d) = -107*d + 33*d + 7 + 0 + 1. What is the hundreds digit of g(-2)?
1
Suppose -2*q = -i + 44, -62 = -3*i - 3*q + 34. Let d = -1 - 0. What is the units digit of (d - -16)*24/i?
0
Let i be (144/12 + -1*4)*-2. Suppose -a = 4*a - 105. Let f = a + i. What is the units digit of f?
5
Let q(a) = 1. Let p(n) = -n + 13. Let w(m) = p(m) - 3*q(m). Let h be w(8). Suppose -2*v + 4*t = h*v - 152, -3*v - 4*t + 149 = 0. What is the tens digit of v?
4
Let t = 14 + -13. Let k(o) = -50*o**2. Let n be k(t). Let q = n - -84. What is the units digit of q?
4
Suppose 0 = 3*a - w + 2 - 19, 2*w = -3*a + 11. Suppose a*v - 700 - 550 = 0. What is the hundreds digit of v?
2
Let n(t) = -2*t + 4. Let m be n(2). Suppose m = 4*u - 9*u + 4*y, 0 = 2*u - y. Suppose 4*v + 2*v - 24 = u. What is the units digit of v?
4
Suppose 0 = -q + 5 - 4. Let t be 50 - (-1)/(q/(-2)). What is the units digit of 4 - 7 - t/(-2)?
1
Let t(y) = -6*y - 47. Let d be t(-6). Let l(w) = w**2 + w - 29. What is the tens digit of l(d)?
8
Let g = 1817 + -1081. What is the hundreds digit of g?
7
Let k(z) = 3*z**2 + z - 2. Let j(m) = 4*m**2 + 2*m - 3. Suppose 0 = 4*n - 28. Let d(b) = n*k(b) - 5*j(b). What is the units digit of d(8)?
1
Suppose 10*h = 5*h + 20. Suppose -h*k = -17 - 19. Suppose 3*m - k = -0*m. What is the units digit of m?
3
Let c(k) = -7*k**3 + 4*k**2 - 4*k + 1. Let r be c(1). Let s be (1/1)/((-2)/(-104)). What is the units digit of r/(-8) - (-429)/s?
9
Let u be 3 - 1 - -2 - 2. Suppose u*f = -3*f + 505. What is the hundreds digit of f?
1
Let n(c) = -56*c + 31. What is the tens digit of n(-2)?
4
Let y(k) = -17*k - 10. Let v(h) = -7*h - 5*h + 7*h - 12*h - 9. Let a(j) = 7*v(j) - 6*y(j). What is the tens digit of a(-2)?
3
Let r be (-54)/21*266/(-3). Suppose -4*w + r = 5*c + 11, 0 = -2*c - 2*w + 86. Let j = c + -20. What is the units digit of j?
5
Let n(l) be the first derivative of -2*l**2 + 9*l - 14. What is the units digit of n(-10)?
9
Suppose 5*t = 14 + 6, -24 = -4*m - 3*t. Suppose -w = n - 7, -n + m*n = 0. What is the units digit of w?
7
Let t(p) be the third derivative of -p**6/120 + 11*p**5/60 + 11*p**4/24 + 7*p**3/3 + 4*p**2. Let j be t(12). Suppose u = -j*u + 48. What is the tens digit of u?
1
Suppose -15*n + 659 + 7636 = 0. What is the tens digit of n?
5
Let f be -9 + 2 - (13 + -1)/(-3). What is the units digit of (4/8)/(f/(-1398))?
3
Let o(a) = -a**3 - 9*a**2 + 9*a - 5. Let f be o(-10). Suppose -f*w + 6*w = 45. Let d = 32 + w. What is the tens digit of d?
7
Let o(t) = 25*t**2 + 4*t - 2. What is the units digit of o(2)?
6
Suppose 547 + 267 = 2*s. Let o = s - 216. What is the tens digit of o?
9
Suppose 4*f - 1000 = 4*n, n + 3*f + f = -230. Let z = -133 - n. What is the units digit of z?
3
Suppose 48 = 2*f + 4*l, 2*l = 4*f - 76 - 30. What is the tens digit of f?
2
What is the hundreds digit of (1092/140 - 6/20)*216?
6
Suppose 3*c + 6*c = 2502. What is the hundreds digit of c?
2
Let k(u) be the first derivative of -u**3/3 + 9*u**2/2 + 2*u + 4. Let i be k(9). Suppose 61 = 2*h + 5*x, -i*x + 59 = 2*h - 17. What is the tens digit of h?
4
Let a(b) = -28*b - 6. Let y be a(-6). Suppose 0 = 3*v + 4*t - y, -11*v + 9*v - 4*t = -112. What is the tens digit of v?
5
Let x(d) = -81*d**3 - 2*d**2. Let o = -55 + 54. What is the tens digit of x(o)?
7
Let k(w) = -3*w - 4. Let m be (3 + -1)*14/(-4). Let f(c) = 2*c + 2. Let i(t) = m*f(t) - 4*k(t). What is the tens digit of i(-6)?
1
Let o(m) = 2*m - 4. Let z be o(-1). What is the tens digit of (897/z)/(-1) - 7/14?
4
Let a(l) = 2*l**2 - 15*l - 46. What is the units digit of a(17)?
7
Let x(a) = -14*a - 113. What is the tens digit of x(-12)?
5
Suppose 0 = 4*c + c + 95. Let f be (-1 - -5)/((-2)/(-29)). Let o = f + c. What is the units digit of o?
9
Let r = -17 + 25. Let d(p) = p + 0 + r + 4*p. What is the units digit of d(5)?
3
Suppose -4*w + 1